{"id":224,"date":"2020-05-02T18:02:48","date_gmt":"2020-05-02T09:02:48","guid":{"rendered":"http:\/\/kokoroigo.site\/wp\/?page_id=153"},"modified":"2020-06-12T06:23:43","modified_gmt":"2020-06-11T21:23:43","slug":"retour-au-debut","status":"publish","type":"page","link":"https:\/\/kokoroigo.site\/?page_id=224&lang=fr","title":{"rendered":"Retour au d\u00e9but"},"content":{"rendered":"\n<h2 class=\"wp-block-heading\">Ouverture du site &#8220;Ship of Hope&#8221;<\/h2>\n\n\n\n<h4 class=\"wp-block-heading\">&#x2666; Go Town Ofunato et The Ship of Hope<\/h4>\n\n\n\n<p>\u3000Afin de soutenir la reconstruction de la ville d\u2019Ofunato, la pr\u00e9fecture d\u2019Iwate, d\u00e9vast\u00e9e par le tremblement de terre de 2011, nous avons travaill\u00e9 sur la reconstruction et la promotion de la ville d\u2019Ofunato.<br>\u3000En f\u00e9vrier 2014, le Comit\u00e9 ex\u00e9cutif du Festival Go a \u00e9t\u00e9 cr\u00e9\u00e9 \u00e0 Go Stone Coast en coop\u00e9ration avec des personnes travaillant dans divers domaines tels que la pr\u00e9vention des catastrophes, la musique, le soutien aux personnes handicap\u00e9es et les \u00e9changes internationaux.<br>Jusqu\u2019\u00e0 pr\u00e9sent, nous avons gagn\u00e9 six aller et deux jeux de titre aller (le jeu du jeu et le match Honnobo).<br>\u3000En septembre de cette ann\u00e9e, nous pr\u00e9voyons d\u2019organiser le World Go-Rim Art And Culture Festival et la guerre du ma\u00eetre, et nous avons \u00e9tabli le site \u00ab Ship of Hope \u00bb comme l\u2019une de nos initiatives.<\/p>\n\n\n\n<h4 class=\"wp-block-heading\">&#x2666;Nouvelle r\u00e9union de liaison avec la pneumonie corona et la corona<\/h4>\n\n\n\n<p>\u3000En d\u00e9cembre 2019, un nouveau type de pneumonie coronavirus s\u2019est produit dans la ville de Wuhan, en Chine, et s\u2019est propag\u00e9 au monde en peu de temps.<br>\u3000Il fait rage comme une pand\u00e9mie une fois tous les 100 ans.<br>\u3000Au Japon aussi, afin d\u2019\u00e9viter l\u2019explosion de l\u2019infection et l\u2019effondrement m\u00e9dical, la vie d\u2019\u00e9viter \u00absceller, dense, et proche\u00bb a commenc\u00e9.<br>\u3000Le 2 mars, 62 personnes, dont Masamichi Kitani, Shiro Asano (professeur invit\u00e9 sp\u00e9cial, Universit\u00e9 de Kanagawa), Kazuki Nakabayashi (professeur \u00e9m\u00e9rite, Universit\u00e9 m\u00e9tropolitaine de Tokyo) et Toshiharu Mikami (professeur \u00e9m\u00e9rite de l\u2019Universit\u00e9 Toyo), ont publi\u00e9 une d\u00e9claration d\u2019urgence et lanc\u00e9 le Comit\u00e9 de liaison Corona pour mettre fin au nouveau coronavirus.<\/p>\n\n\n\n<h4 class=\"wp-block-heading\">&#x2666; Cooperation entre le site &#8220;Miracle TV&#8221; et &#8220;Ship of Hope&#8221; \u00e0 l\u2019aide de ZOOM<\/h4>\n\n\n\n<p>En pr\u00e9paration d\u2019une longue bataille avec le nouveau Coronavirus, nous avons \u00e9tabli une politique d\u2019ouverture des t\u00e9l\u00e9viseurs en ligne bidirectionnels \u00e0 l\u2019aide du syst\u00e8me de vid\u00e9oconf\u00e9rence ZOOM.<br>Le World Go Art and Culture Festival se tiendra sur Miracle TV s\u2019il est impossible de tenir la lessive locale.<br>Nous voulons \u00e9tablir des liens avec des gens de tout le pays et du monde entier, y compris Ofunato.<br>Transformons la crise en espoir ensemble.<\/p>\n\n\n\n<p>2020 March<\/p>\n\n\n\n<h4 class=\"wp-block-heading\">Masamichi KITANI<br>Repr\u00e9sentant, Go Town Ofunato Executive Committee (Go Stone Coast, Go Festival Executive Committee)<\/h4>\n\n\n\n<div class=\"wp-block-buttons aligncenter is-layout-flex wp-block-buttons-is-layout-flex\">\n<div class=\"wp-block-button\"><a class=\"wp-block-button__link has-text-color has-very-light-gray-color has-background\" style=\"background:linear-gradient(180deg,rgba(6,147,227,1) 0%,rgb(155,81,224) 100%)\" rel=\"http:\/\/miracletv.site\/\">Miracle TV &#8220;Ship of Hope&#8221;<\/a><\/div>\n<\/div>\n\n\n\n<p><\/p>\n","protected":false},"excerpt":{"rendered":"Ouverture du site &#8220;Ship of Hope&#8221; &#x2666; Go Town Ofunato et The Ship of Hope \u3000Afin de s...","protected":false},"author":1,"featured_media":0,"parent":0,"menu_order":0,"comment_status":"closed","ping_status":"closed","template":"","meta":{"footnotes":""},"class_list":["post-224","page","type-page","status-publish","hentry"],"_links":{"self":[{"href":"https:\/\/kokoroigo.site\/index.php?rest_route=\/wp\/v2\/pages\/224","targetHints":{"allow":["GET"]}}],"collection":[{"href":"https:\/\/kokoroigo.site\/index.php?rest_route=\/wp\/v2\/pages"}],"about":[{"href":"https:\/\/kokoroigo.site\/index.php?rest_route=\/wp\/v2\/types\/page"}],"author":[{"embeddable":true,"href":"https:\/\/kokoroigo.site\/index.php?rest_route=\/wp\/v2\/users\/1"}],"replies":[{"embeddable":true,"href":"https:\/\/kokoroigo.site\/index.php?rest_route=%2Fwp%2Fv2%2Fcomments&post=224"}],"version-history":[{"count":4,"href":"https:\/\/kokoroigo.site\/index.php?rest_route=\/wp\/v2\/pages\/224\/revisions"}],"predecessor-version":[{"id":559,"href":"https:\/\/kokoroigo.site\/index.php?rest_route=\/wp\/v2\/pages\/224\/revisions\/559"}],"wp:attachment":[{"href":"https:\/\/kokoroigo.site\/index.php?rest_route=%2Fwp%2Fv2%2Fmedia&parent=224"}],"curies":[{"name":"wp","href":"https:\/\/api.w.org\/{rel}","templated":true}]}}