{"id":229,"date":"2020-05-02T03:24:10","date_gmt":"2020-05-01T18:24:10","guid":{"rendered":"http:\/\/kokoroigo.site\/wp\/?page_id=133"},"modified":"2020-06-09T09:25:17","modified_gmt":"2020-06-09T00:25:17","slug":"di","status":"publish","type":"page","link":"https:\/\/kokoroigo.site\/?page_id=229&lang=vi","title":{"rendered":"\u0110i"},"content":{"rendered":"\n<h2 class=\"wp-block-heading\">Ho\u00e0i ni\u1ec7m khi c\u00f2n l\u00e0 \u0111\u1ec7 t\u1eed n\u1ed9i tr\u00fa<\/h2>\n\n\n\n<div class=\"wp-block-columns is-layout-flex wp-container-core-columns-is-layout-9d6595d7 wp-block-columns-is-layout-flex\">\n<div class=\"wp-block-column is-layout-flow wp-block-column-is-layout-flow\" style=\"flex-basis:40%\">\n<figure class=\"wp-block-image size-large\"><img decoding=\"async\" src=\"https:\/\/kokoroigo.site\/wp\/wp-content\/uploads\/2020\/06\/chou.jpg\" alt=\"\"\/><\/figure>\n<\/div>\n\n\n\n<div class=\"wp-block-column is-layout-flow wp-block-column-is-layout-flow\" style=\"flex-basis:66.66%\">\n<h3 class=\"wp-block-heading\">Chifun\u3000CHO<\/h3>\n\n\n\n<h4 class=\"wp-block-heading\">K\u1ef3 th\u1ee7 9 dan, Vi\u1ec7n c\u1edd v\u00e2y Nh\u1eadt B\u1ea3n<\/h4>\n<\/div>\n<\/div>\n\n\n\n<p>&nbsp;Khi 6 tu\u1ed5i, mang trong m\u00ecnh kh\u00e1t v\u1ecdng theo \u0111u\u1ed5i c\u1edd v\u00e2y, t\u00f4i \u0111\u00e3 m\u1ed9t m\u00ecnh kh\u1edfi h\u00e0nh t\u1eeb H\u00e0n Qu\u1ed1c sang v\u00f5 \u0111\u01b0\u1eddng Kitani c\u1ee7a Nh\u1eadt B\u1ea3n.<\/p>\n\n\n\n<p>\u3000Trong v\u00f5 \u0111\u01b0\u1eddng Kitani c\u00f3 7 ng\u01b0\u1eddi l\u00e0 th\u1ea7y, phu nh\u00e2n v\u00e0 c\u00e1c con. Ngo\u00e0i ra c\u00f2n c\u00f3 kho\u1ea3ng 10 \u0111\u1ec7 t\u1eed n\u1ed9i tr\u00fa v\u00e0 kho\u1ea3ng 10 \u0111\u1ec7 t\u1eed ngo\u1ea1i tr\u00fa.<\/p>\n\n\n\n<p>&nbsp;T\u1ea5t nhi\u00ean, kh\u00f4ng c\u00f3 ph\u00f2ng ri\u00eang n\u00ean ph\u00f2ng h\u1ecdc ban ng\u00e0y tr\u1edf th\u00e0nh ph\u00f2ng ng\u1ee7 v\u00e0o ban \u0111\u00eam.<\/p>\n\n\n\n<p>&nbsp;\u0110\u1ec7 t\u1eed n\u1ed9i tr\u00fa l\u00e0 m\u1ed9t nh\u00f3m thanh thi\u1ebfu ni\u00ean t\u00e0i n\u0103ng \u0111\u1ebfn t\u1eeb kh\u1eafp n\u01b0\u1edbc Nh\u1eadt.<\/p>\n\n\n\n<p>&nbsp;\u0110\u1ec7 t\u1eed ngo\u1ea1i tr\u00fa l\u00e0 nh\u1eefng ng\u01b0\u1eddi c\u00f3 nh\u00e0 \u1edf trong th\u00e0nh ph\u1ed1 Tokyo.<\/p>\n\n\n\n<p>&nbsp;\u0110\u1ec7 t\u1eed n\u1ed9i tr\u00fa c\u00f3 ti\u1ec1n \u0111\u1ec1 l\u00e0 nh\u1eefng c\u1eadu b\u00e9 thi\u00ean b\u1ea9m, v\u1eady c\u00f2n \u0111\u1ec7 t\u1eed ngo\u1ea1i tr\u00fa th\u00ec sao?<\/p>\n\n\n\n<p>\u3000Khi tr\u01b0\u1edfng th\u00e0nh, t\u00f4i b\u1eaft \u0111\u1ea7u nh\u1eadn \u0111\u01b0\u1ee3c c\u00e1c danh hi\u1ec7u, g\u1eb7t h\u00e1i \u0111\u01b0\u1ee3c nh\u1eefng th\u00e0nh c\u00f4ng nh\u1ea5t \u0111\u1ecbnh v\u00e0 th\u01b0\u1eddng \u0111\u01b0\u1ee3c c\u00e1c ph\u00f3ng vi\u00ean ph\u1ecfng v\u1ea5n. L\u00fac n\u00e0o c\u0169ng th\u1ebf, c\u00e2u h\u1ecfi \u0111\u1ea7u ti\u00ean \u0111\u01b0\u1ee3c \u0111\u1eb7t ra l\u00e0 t\u00f4i \u0111\u00e3 c\u1ea3m th\u1ea5y c\u00f4 \u0111\u01a1n, kh\u00f3 kh\u0103n, v\u1ea5t v\u1ea3 th\u1ebf n\u00e0o khi m\u1ed9t m\u00ecnh ch\u00e2n \u01b0\u1edbt ch\u00e2n r\u00e1o t\u1eeb H\u00e0n Qu\u1ed1c sang \u0111\u00e2y khi ch\u1ec9 m\u1edbi 6 tu\u1ed5i.<\/p>\n\n\n\n<p>\u3000T\u00f4i c\u0169ng mu\u1ed1n \u0111\u01b0a ra c\u00e2u tr\u1ea3 l\u1eddi l\u00e0 khi \u0111\u00f3 t\u00f4i gi\u1ed1ng nh\u01b0 &#8220;oshin&#8221;, nh\u01b0ng kh\u00f4ng hi\u1ec3u sao nh\u1eefng t\u1eeb nh\u01b0 c\u00f4 \u0111\u01a1n, \u0111au \u0111\u1edbn, v\u1ea5t v\u1ea3 l\u1ea1i kh\u00f4ng xu\u1ea5t hi\u1ec7n.<\/p>\n\n\n\n<p>\u3000Cu\u1ed9c s\u1ed1ng \u0111\u1ec7 t\u1eed n\u1ed9i tr\u00fa \u1edf Yotsuya, Shinjuku \u0111\u00e3 \u0111\u01b0\u1ee3c 10 n\u0103m.<\/p>\n\n\n\n<p>&nbsp;\u0110\u1ec7 t\u1eed \u0103n c\u01a1m chung n\u1ed3i v\u1edbi t\u00f4i khi \u0111\u00f3 c\u00f3 Masao Kato, Yoshio Ishida, Masaharu Sato, Kunio Hisajima, Koichi Kobayashi. . .<\/p>\n\n\n\n<p>&nbsp;Takemiya, m\u1ed9t \u0111\u1ea1i thi\u00ean t\u00e0i \u0111\u00e3 chuy\u1ec3n sang h\u1ecdc ngo\u1ea1i tr\u00fa v\u00ec gia \u0111\u00ecnh anh c\u00f3 nh\u00e0 \u1edf trong th\u00e0nh ph\u1ed1 Tokyo.<\/p>\n\n\n\n<p>Masaharu Sato l\u00e0 m\u1ed9t ng\u01b0\u1eddi ch\u01a1i th\u1ec3 thao, h\u00ecnh \u1ea3nh anh nh\u1ea3y \u00f9m xu\u1ed1ng bi\u1ec3n v\u00e0 b\u01a1i tho\u0103n tho\u1eaft tr\u00f4ng r\u1ea5t ng\u1ea7u. Trong m\u00f4n b\u00f3ng ch\u00e0y, anh ta l\u00e0 c\u1ea7u th\u1ee7 n\u00e9m b\u00f3ng v\u00e0 gi\u1eef vai tr\u00f2 l\u00e0 m\u1ed9t con \u00e1t ch\u1ee7 b\u00e0i. C\u00f2n ng\u01b0\u1eddi \u0111ang nh\u1eafm \u0111\u1ebfn chi\u1ebfc gh\u1ebf c\u1ee7a c\u1ea7u th\u1ee7 n\u00e9m b\u00f3ng ch\u00ednh l\u00e0 Kunio Hisajima. \u0110\u1ec3 gi\u00fap Hisajima tr\u1edf th\u00e0nh m\u1ed9t con \u00e1t ch\u1ee7 b\u00e0i, t\u00f4i \u0111\u00e3 h\u1ed7 tr\u1ee3 r\u1ea5t nhi\u1ec7t t\u00ecnh. T\u00f4i gi\u1eef vai tr\u00f2 nh\u01b0 m\u1ed9t ng\u01b0\u1eddi b\u1eaft b\u00f3ng cho \u0111\u1ebfn khi tr\u1eddi t\u1ed1i \u0111\u1ebfn m\u1ee9c kh\u00f4ng th\u1ec3 nh\u00ecn th\u1ea5y tr\u00e1i b\u00f3ng \u0111\u00e2u n\u1eefa. C\u00f3 l\u1ebd v\u00ec th\u1ebf m\u00e0 \u0111\u00f4i khi t\u00f4i tr\u1edf th\u00e0nh \u00e1t ch\u1ee7 b\u00e0i.<\/p>\n\n\n\n<p>\u3000Hisajima l\u00e0 m\u1ed9t ng\u01b0\u1eddi th\u1ef1c s\u1ef1 t\u1ed1t, v\u1eeba n\u00e3y t\u00f4i c\u00f3 n\u00f3i r\u1eb1ng \u0111i\u1ec1u ki\u1ec7n \u0111\u1ec3 tr\u1edf th\u00e0nh \u0111\u1ec7 t\u1eed n\u1ed9i tr\u00fa ph\u1ea3i l\u00e0 thi\u00ean t\u00e0i, nh\u01b0ng anh Hisajima th\u00ec kh\u00e1c. C\u00e1i t\u00e0i c\u1ee7a anh \u0111\u00e1ng gi\u00e1 h\u01a1n v\u00ec anh l\u00e0m \u0111i\u1ec1u \u0111\u00f3 v\u00ec l\u1ee3i \u00edch c\u1ee7a m\u1ecdi ng\u01b0\u1eddi, c\u1ee7a c\u1ea3 th\u1ebf gi\u1edbi ch\u1ee9 kh\u00f4ng d\u1eebng l\u1ea1i \u1edf vi\u1ec7c \u0111\u00e1nh c\u1edd. Hisajima b\u1ecb m\u1eafc b\u1ec7nh d\u1ea1 d\u00e0y v\u00e0 l\u00e0 ng\u01b0\u1eddi ra \u0111i s\u1edbm nh\u1ea5t trong s\u1ed1 c\u00e1c \u0111\u1ec7 t\u1eed \u0103n c\u01a1m chung n\u1ed3i v\u1edbi t\u00f4i.<\/p>\n\n\n\n<p>\u3000Th\u1eddi c\u00f2n l\u00e0 \u0111\u1ec7 t\u1eed n\u1ed9i tr\u00fa, c\u00f3 ng\u00e0y th\u1ee9c \u0103n ch\u1ec9 to\u00e0n c\u00e0 ri nh\u01b0ng Hisajima kh\u00f4ng \u0103n \u0111\u01b0\u1ee3c c\u00e0 ri n\u00ean \u0111\u00e3 \u0103n c\u01a1m v\u1edbi d\u01b0a chua v\u00e0 c\u1ee7 ki\u1ec7u. T\u00f4i th\u00edch \u0103n c\u00e0 ri, v\u00ec th\u1ebf c\u1ee9 \u0111\u1ebfn ng\u00e0y c\u00e0 ri l\u00e0 t\u00f4i ng\u1ed3i xu\u1ed1ng c\u1ea1nh Hisajima v\u00e0 ch\u00fang t\u00f4i \u0111\u1ed5i d\u01b0a chua, c\u1ee7 ki\u1ec7u v\u00e0 c\u00e0 ri cho nhau.<\/p>\n\n\n\n<p>\u3000Anh Koichi Kobayashi l\u1edbn tu\u1ed5i h\u01a1n t\u00f4i, nh\u01b0ng x\u00e9t theo th\u1eddi gian nh\u1eadp m\u00f4n th\u00ec l\u00e0 \u0111\u00e0n em c\u1ee7a t\u00f4i. Trong th\u1ebf gi\u1edbi c\u1ee7a nh\u1eefng \u0111\u1ec7 t\u1eed n\u1ed9i tr\u00fa, \u0111i\u1ec1u quan tr\u1ecdng nh\u1ea5t l\u00e0 nh\u1eadp m\u00f4n s\u1edbm hay mu\u1ed9n, thay v\u00ec tu\u1ed5i t\u00e1c. V\u00ec v\u1eady, t\u00f4i l\u00e0 b\u1eadc \u0111\u00e0n anh, nh\u01b0ng kh\u00f4ng hi\u1ec3u sao Koichi coi t\u00f4i nh\u01b0 m\u1ed9t \u0111\u1ee9a tr\u1ebb. K\u00fd \u1ee9c c\u1ee7a Koichi v\u1ec1 t\u00f4i l\u00e0 t\u00f4i lu\u00f4n ch\u00fai \u0111\u1ea7u v\u00e0o h\u1ecdc.<\/p>\n\n\n\n<p>T\u00f4i l\u00e0 ng\u01b0\u1eddi d\u1eady s\u1edbm nh\u1ea5t v\u00e0 lu\u00f4n chu\u1ea9n b\u1ecb b\u00e0i tr\u01b0\u1edbc khi \u0111i h\u1ecdc.<\/p>\n\n\n\n<p>\u3000Masao Kato l\u00e0 m\u1ed9t ng\u01b0\u1eddi ch\u00e2n th\u00e0nh v\u00e0 lu\u00f4n \u0111\u01b0\u1ee3c m\u1ecdi ng\u01b0\u1eddi qu\u00fd m\u1ebfn. Anh nh\u1eadn \u0111\u01b0\u1ee3c t\u1ea5t c\u1ea3 s\u1ef1 tin t\u01b0\u1edfng c\u1ee7a th\u1ea7y, phu nh\u00e2n, c\u00e1c con v\u00e0 c\u00e1c \u0111\u1ec7 t\u1eed.<\/p>\n\n\n\n<p>\u3000Cu\u1ed1i c\u00f9ng, Yoshio Ishida v\u1ec1 t\u00ednh c\u00e1ch th\u00ec ho\u00e0n to\u00e0n kh\u00e1c v\u1edbi Kato, anh \u0111\u1ed1i x\u1eed r\u1ea5t t\u1ed1t v\u1edbi t\u00f4i v\u00e0 nh\u1eefng gi t\u00f4i nh\u1edb v\u1ec1 anh ch\u1ec9 to\u00e0n nh\u1eefng k\u00fd \u1ee9c \u0111\u1eb9p \u0111\u1ebd.<\/p>\n\n\n\n<p><\/p>\n\n\n\n<p><\/p>\n","protected":false},"excerpt":{"rendered":"Ho\u00e0i ni\u1ec7m khi c\u00f2n l\u00e0 \u0111\u1ec7 t\u1eed n\u1ed9i tr\u00fa Chifun\u3000CHO K\u1ef3 th\u1ee7 9 dan, Vi\u1ec7n c\u1edd v\u00e2y Nh\u1eadt B\u1ea3n &nbsp;Khi 6 tu\u1ed5i, m...","protected":false},"author":1,"featured_media":0,"parent":0,"menu_order":0,"comment_status":"closed","ping_status":"closed","template":"","meta":{"footnotes":""},"class_list":["post-229","page","type-page","status-publish","hentry"],"_links":{"self":[{"href":"https:\/\/kokoroigo.site\/index.php?rest_route=\/wp\/v2\/pages\/229","targetHints":{"allow":["GET"]}}],"collection":[{"href":"https:\/\/kokoroigo.site\/index.php?rest_route=\/wp\/v2\/pages"}],"about":[{"href":"https:\/\/kokoroigo.site\/index.php?rest_route=\/wp\/v2\/types\/page"}],"author":[{"embeddable":true,"href":"https:\/\/kokoroigo.site\/index.php?rest_route=\/wp\/v2\/users\/1"}],"replies":[{"embeddable":true,"href":"https:\/\/kokoroigo.site\/index.php?rest_route=%2Fwp%2Fv2%2Fcomments&post=229"}],"version-history":[{"count":6,"href":"https:\/\/kokoroigo.site\/index.php?rest_route=\/wp\/v2\/pages\/229\/revisions"}],"predecessor-version":[{"id":479,"href":"https:\/\/kokoroigo.site\/index.php?rest_route=\/wp\/v2\/pages\/229\/revisions\/479"}],"wp:attachment":[{"href":"https:\/\/kokoroigo.site\/index.php?rest_route=%2Fwp%2Fv2%2Fmedia&parent=229"}],"curies":[{"name":"wp","href":"https:\/\/api.w.org\/{rel}","templated":true}]}}