{"id":252,"date":"2020-04-24T03:37:11","date_gmt":"2020-04-23T18:37:11","guid":{"rendered":"http:\/\/kokoroigo.site\/wp\/?page_id=141"},"modified":"2020-06-11T18:58:23","modified_gmt":"2020-06-11T09:58:23","slug":"giao-dich-quoc-te","status":"publish","type":"page","link":"https:\/\/kokoroigo.site\/?page_id=252&lang=vi","title":{"rendered":"Giao d\u1ecbch qu\u1ed1c t\u1ebf"},"content":{"rendered":"\n<h2 class=\"wp-block-heading\">C\u00f9ng chung s\u1ed1ng d\u01b0\u1edbi m\u1ed9t m\u00e1i nh\u00e0<\/h2>\n\n\n\n<div class=\"wp-block-columns is-layout-flex wp-container-core-columns-is-layout-9d6595d7 wp-block-columns-is-layout-flex\">\n<div class=\"wp-block-column is-layout-flow wp-block-column-is-layout-flow\" style=\"flex-basis:33.33%\">\n<figure class=\"wp-block-image size-large\"><img decoding=\"async\" src=\"https:\/\/kokoroigo.site\/wp\/wp-content\/uploads\/2020\/06\/kakishima.jpg\" alt=\"\"\/><\/figure>\n<\/div>\n\n\n\n<div class=\"wp-block-column is-layout-flow wp-block-column-is-layout-flow\" style=\"flex-basis:66.66%\">\n<h3 class=\"wp-block-heading\">\u67ff\u5cf6 \u5149\u6674<br>\uff08Mitsuharu\u3000KAKIJIMA\uff09<\/h3>\n\n\n\n<p>Ch\u1ee7 t\u1ecbch \u1ee6y ban \u0111i\u1ec1u h\u00e0nh gi\u1ea3i \u0111\u1ea5u c\u1edd v\u00e2y cho c\u00e1c tr\u01b0\u1eddng khi\u1ebfm th\u1ecb tr\u00ean to\u00e0n qu\u1ed1c, <br>k\u1ef3 th\u1ee7 khi\u1ebfm th\u1ecb, c\u1ea5p \u0111\u1ed9 4 dan nghi\u1ec7p d\u01b0<\/p>\n<\/div>\n<\/div>\n\n\n\n<p>T\u00f4i \u0111\u00e3 b\u1eaft \u0111\u1ea7u h\u1ecdc c\u1edd v\u00e2y t\u1eeb n\u0103m 2003.<br>\u00a0Khi \u0111\u00f3, t\u00f4i \u0111\u00e3 ho\u00e0n to\u00e0n m\u1ea5t th\u1ecb l\u1ef1c v\u00e0 kh\u00f4ng th\u1ec3 d\u00f9ng m\u1eaft \u0111\u1ec3 nh\u1eadn bi\u1ebft \u0111\u01b0\u1ee3c b\u00e0n c\u1edd.<br>\u00a0May m\u1eafn thay, t\u00f4i t\u00ecnh c\u1edd bi\u1ebft \u0111\u1ebfn aigo, b\u00e0n c\u1edd gi\u00fap cho ng\u01b0\u1eddi khi\u1ebfm th\u1ecb c\u00f3 th\u1ec3 ch\u1ea1m v\u00e0o v\u00e0 h\u00ecnh dung \u0111\u01b0\u1ee3c v\u1ecb tr\u00ed c\u1ee7a nh\u1eefng qu\u00e2n c\u1edd.<br>\u00a0V\u1edbi Aigo, gi\u1edd \u0111\u00e2y t\u00f4i c\u00f3 th\u1ec3 thi \u0111\u1ea5u b\u00ecnh \u0111\u1eb3ng tr\u00ean b\u00e0n c\u1edd v\u1edbi nh\u1eefng c\u1ea3 ng\u01b0\u1eddi kh\u00f4ng b\u1ecb suy gi\u1ea3m th\u1ecb l\u1ef1c.<br>\u00a0Theo t\u00f4i bi\u1ebft, kh\u00f4ng c\u00f3 tr\u00f2 ch\u01a1i n\u00e0o m\u00e0 ng\u01b0\u1eddi khi\u1ebfm th\u1ecb c\u00f3 th\u1ec3 ch\u01a1i m\u00e0 kh\u00f4ng b\u1ecb c\u0103ng th\u1eb3ng v\u00e0 kh\u00f4ng c\u1ea7n b\u1ea5t k\u1ef3 s\u1ef1 tr\u1ee3 gi\u00fap n\u00e0o t\u1eeb ng\u01b0\u1eddi kh\u00e1c.<br>\u00a0V\u00ec th\u1ebf, c\u00f3 th\u1ec3 n\u00f3i c\u1edd v\u00e2y l\u00e0 m\u00f4n th\u1ec3 thao tr\u00ed tu\u1ec7 m\u00e0 nh\u1eefng ng\u01b0\u1eddi khi\u1ebfm th\u1ecb khi ch\u01a1i b\u1ecb ch\u00ecm \u0111\u1eafm v\u00e0o th\u1ebf gi\u1edbi b\u00e0n c\u1edd v\u00e2y gi\u1ed1ng nh\u01b0 v\u0169 tr\u1ee5 bao la \u0111\u00f3 v\u00e0 qu\u00ean \u0111i ranh gi\u1edbi \u00e1nh s\u00e1ng c\u1ee7a ch\u00ednh b\u1ea3n th\u00e2n m\u00ecnh.<\/p>\n\n\n\n<p>&nbsp;\u0110i\u1ec1u tuy\u1ec7t v\u1eddi nh\u1ea5t m\u00e0 t\u00f4i c\u1ea3m nh\u1eadn \u0111\u01b0\u1ee3c khi ch\u01a1i c\u1edd v\u00e2y \u0111\u00f3 l\u00e0 t\u00f4i l\u00e0 m\u1ed9t nh\u00e2n t\u1ed1 \u0111ang t\u1ed3n t\u1ea1i tr\u00ean th\u1ebf gi\u1edbi n\u00e0y.<br>&nbsp;Nh\u1eefng khi\u1ebfm khuy\u1ebft tr\u00ean c\u01a1 th\u1ec3 \u0111\u00e3 bi\u1ebfn m\u1ea5t v\u00e0 c\u1ea3 g\u00e1nh n\u1eb7ng v\u1ec1 th\u1ec3 x\u00e1c c\u0169ng tan bi\u1ebfn l\u00fac n\u00e0o kh\u00f4ng hay, th\u1ee9 hi\u1ec7n h\u1eefu ngay tr\u01b0\u1edbc m\u1eaft t\u00f4i l\u00fac n\u00e0y ch\u1ec9 c\u00f2n l\u00e0 c\u1ea3m gi\u00e1c mu\u1ed1n \u0111i nh\u1eefng n\u01b0\u1edbc c\u1edd cao tay h\u01a1n \u0111\u1ed1i ph\u01b0\u01a1ng v\u00e0 gi\u00e0nh chi\u1ebfn th\u1eafng.<br>&nbsp;C\u1ee9 nh\u01b0 th\u1ebf, cu\u1ed9c \u0111\u1ea5u tr\u00ed tr\u00ean b\u00e0n c\u1edd v\u00f4 t\u00ecnh l\u00e0m cho \u0111\u1ed1i ph\u01b0\u01a1ng v\u00e0 ch\u00ednh b\u1ea3n th\u00e2n m\u00ecnh \u0111\u1ec1u c\u00f3 chung m\u1ed9t suy ngh\u0129.<br>&nbsp;Sau khi tr\u1eadn \u0111\u1ea5u k\u1ebft th\u00fac, kh\u00f4ng ph\u00e2n bi\u1ec7t ng\u00f4n ng\u1eef, tu\u1ed5i t\u00e1c, \u0111\u1ecba v\u1ecb, ngo\u1ea1i h\u00ecnh, th\u1eafng b\u1ea1i s\u1ebd l\u00e0 th\u1ee9 quy\u1ebft \u0111\u1ecbnh t\u1ea5t c\u1ea3.<br>&nbsp;Ng\u01b0\u1eddi thua cu\u1ed9c s\u1ebd c\u1ea3m th\u1ea5y ti\u1ebfc nu\u1ed1i, ng\u01b0\u1eddi chi\u1ebfn th\u1eafng s\u1ebd c\u1ea3m th\u1ea5y h\u1ea1nh ph\u00fac.<br>&nbsp;Th\u1ee9 duy nh\u1ea5t c\u00f2n \u0111\u1ecdng l\u1ea1i trong kh\u00f4ng gian l\u00fac n\u00e0y ch\u1ec9 l\u00e0 c\u1ea3m gi\u00e1c an y\u00ean v\u00e0 dung d\u1ecb.<br>&nbsp;Trong khi thay phi\u00ean nhau \u0111\u1eb7t t\u1eebng qu\u00e2n c\u1edd tr\u00ean b\u00e0n v\u00e0o v\u1ecb tr\u00ed ch\u00ednh x\u00e1c, t\u1ef1 nhi\u00ean ta c\u00f3 th\u1ec3 hi\u1ec3u \u0111\u01b0\u1ee3c \u0111\u1ed1i ph\u01b0\u01a1ng \u0111ang ngh\u0129 g\u00ec v\u00e0 ng\u01b0\u1ee3c l\u1ea1i suy ngh\u0129, c\u1ea3m x\u00fac c\u1ee7a ta c\u0169ng \u0111\u01b0\u1ee3c g\u1eedi g\u1eafm \u0111\u1ebfn ph\u00eda b\u00ean kia.<\/p>\n\n\n\n<p>&nbsp;Th\u00f4ng qua c\u1edd v\u00e2y, t\u00f4i mu\u1ed1n t\u1ea1o ra m\u1ed9t s\u1ee3i d\u00e2y k\u1ebft n\u1ed1i t\u1ea5t c\u1ea3 nh\u1eefng ng\u01b0\u1eddi khi\u1ebfm th\u1ecb tr\u00ean to\u00e0n th\u1ebf gi\u1edbi l\u1ea1i v\u1edbi nhau.<br>&nbsp;Cho \u0111\u1ebfn nay, t\u00f4i \u0111\u00e3 t\u1ed5 ch\u1ee9c \u0111\u1ea1i h\u1ed9i c\u1edd v\u00e2y d\u00e0nh cho c\u00e1c tr\u01b0\u1eddng khi\u1ebfm th\u1ecb Nh\u1eadt B\u1ea3n, \u0110\u00e0i Loan v\u00e0 H\u00e0n Qu\u1ed1c t\u1ea1i th\u00e0nh ph\u1ed1 Ofunato, t\u1ec9nh Iwate, n\u01a1i ch\u1ecbu thi\u1ec7t h\u1ea1i b\u1edfi tr\u1eadn \u0111\u1ed9ng \u0111\u1ea5t l\u1edbn \u1edf ph\u00eda \u0111\u00f4ng Nh\u1eadt B\u1ea3n.<br>&nbsp;H\u00ecnh \u1ea3nh nh\u1eefng ng\u01b0\u1eddi khi\u1ebfm th\u1ecb v\u01b0\u1ee3t qua ranh gi\u1edbi qu\u1ed1c gia, khu v\u1ef1c c\u00f9ng t\u1eadp trung t\u1ea1i v\u00f9ng \u0111\u1ea5t \u0111\u00e3 t\u1eebng ch\u1ecbu th\u1ea3m h\u1ecda v\u00e0 c\u00f9ng nhau th\u1eaft ch\u1eb7t t\u00ecnh \u0111o\u00e0n k\u1ebft th\u00f4ng qua c\u1edd v\u00e2y \u0111\u00e3 ti\u1ebfp th\u00eam s\u1ee9c m\u1ea1nh, ngh\u1ecb l\u1ef1c v\u00e0 mang \u0111\u1ebfn hi v\u1ecdng cho r\u1ea5t nhi\u1ec1u con ng\u01b0\u1eddi \u0111ang ho\u1ea1t \u0111\u1ed9ng t\u1ea1i nhi\u1ec1u l\u0129nh v\u1ef1c kh\u00e1c nhau.<br>&nbsp;V\u1edbi s\u1ef1 tham gia c\u1ee7a c\u00e1c tr\u01b0\u1eddng khi\u1ebfm th\u1ecb t\u1ea1i Nh\u1eadt B\u1ea3n, tr\u01b0\u1eddng khi\u1ebfm th\u1ecb Qiming th\u00e0nh ph\u1ed1 \u0110\u00e0i B\u1eafc \u2013 \u0110\u00e0i Loan, tr\u01b0\u1eddng khi\u1ebfm th\u1ecb Gangwon Meijin &#8211; H\u00e0n Qu\u1ed1c, hi\u1ec7n nay, c\u1edd v\u00e2y \u0111ang d\u1ea7n \u0111\u01b0\u1ee3c ph\u1ed5 c\u1eadp r\u1ed9ng r\u00e3i t\u1eeb Ch\u00e2u \u00c1 sang Ch\u00e2u \u00c2u v\u00e0 Hoa K\u1ef3. V\u00e0o th\u00e1ng 9 n\u0103m nay (2020), ch\u00fang t\u00f4i d\u1ef1 \u0111\u1ecbnh t\u1ed5 ch\u1ee9c \u0111\u1ea1i h\u1ed9i c\u1edd v\u00e2y cho c\u00e1c tr\u01b0\u1eddng khi\u1ebfm th\u1ecb tr\u00ean to\u00e0n th\u1ebf gi\u1edbi nh\u01b0 l\u00e0 m\u1ed9t s\u1ef1 ki\u1ec7n ch\u00ednh c\u1ee7a Li\u00ean hoan ngh\u1ec7 thu\u1eadt c\u1edd v\u00e2y th\u1ebf gi\u1edbi.<br>&nbsp;T\u00f4i \u0111\u00e3 li\u00ean h\u1ec7 v\u00e0 nh\u1eadn \u0111\u01b0\u1ee3c nh\u1eefng ph\u1ea3n h\u1ed3i t\u00edch c\u1ef1c t\u1eeb tr\u01b0\u1eddng khi\u1ebfm th\u1ecb Nguy\u1ec5n \u0110\u00ecnh Chi\u1ec3u \u1edf Vi\u1ec7t Nam v\u00e0 tr\u01b0\u1eddng INJA \u1edf Paris, Ph\u00e1p.<\/p>\n\n\n\n<p>&nbsp;Khi vi\u1ebft ra nh\u1eefng \u0111i\u1ec1u n\u00e0y, t\u00f4i ch\u00e2n th\u00e0nh hy v\u1ecdng r\u1eb1ng nh\u1eefng ng\u01b0\u1eddi khi\u1ebfm th\u1ecb nh\u01b0 m\u00ecnh s\u1ebd c\u00f3 c\u01a1 h\u1ed9i \u0111\u1ec3 tho\u00e1t ra kh\u1ecfi th\u1ebf gi\u1edbi c\u1ee7a b\u00f3ng t\u1ed1i, b\u1ea5t k\u1ec3 c\u00f3 khi\u1ebfm khuy\u1ebft hay kh\u00f4ng th\u00ec ch\u00fang ta v\u1eabn ph\u1ea3i n\u1ed7 l\u1ef1c m\u1ed7i ng\u00e0y v\u00e0 t\u00f4i lu\u00f4n \u1ea5p \u1ee7 mong mu\u1ed1n t\u1ea1o ra m\u1ed9t x\u00e3 h\u1ed9i n\u01a1i m\u00e0 t\u1ea5t c\u1ea3 m\u1ecdi ng\u01b0\u1eddi \u0111\u1ec1u c\u00f3 th\u1ec3 g\u1eafn k\u1ebft v\u1edbi nhau th\u00f4ng qua b\u1ed9 m\u00f4n c\u1edd v\u00e2y.<br>&nbsp;B\u1eb1ng c\u00e1ch \u0111\u00f3, t\u00f4i ngh\u0129 r\u1eb1ng t\u1ea5t c\u1ea3 m\u1ecdi ng\u01b0\u1eddi c\u00f3 th\u1ec3 nh\u1eadn ra m\u1ed9t \u0111i\u1ec1u \u0111\u01a1n gi\u1ea3n v\u00e0 v\u00f4 c\u00f9ng quan tr\u1ecdng trong th\u1ebf gi\u1edbi n\u00e0y l\u00e0 ch\u00fang ta \u0111\u1ec1u l\u00e0 con ng\u01b0\u1eddi v\u00e0 chung s\u1ed1ng b\u00ecnh \u0111\u1eb3ng v\u1edbi nhau.<\/p>\n","protected":false},"excerpt":{"rendered":"C\u00f9ng chung s\u1ed1ng d\u01b0\u1edbi m\u1ed9t m\u00e1i nh\u00e0 \u67ff\u5cf6 \u5149\u6674\uff08Mitsuharu\u3000KAKIJIMA\uff09 Ch\u1ee7 t\u1ecbch \u1ee6y ban \u0111i\u1ec1u h\u00e0nh gi\u1ea3i \u0111\u1ea5u c\u1edd v\u00e2y...","protected":false},"author":1,"featured_media":0,"parent":0,"menu_order":0,"comment_status":"closed","ping_status":"closed","template":"","meta":{"footnotes":""},"class_list":["post-252","page","type-page","status-publish","hentry"],"_links":{"self":[{"href":"https:\/\/kokoroigo.site\/index.php?rest_route=\/wp\/v2\/pages\/252","targetHints":{"allow":["GET"]}}],"collection":[{"href":"https:\/\/kokoroigo.site\/index.php?rest_route=\/wp\/v2\/pages"}],"about":[{"href":"https:\/\/kokoroigo.site\/index.php?rest_route=\/wp\/v2\/types\/page"}],"author":[{"embeddable":true,"href":"https:\/\/kokoroigo.site\/index.php?rest_route=\/wp\/v2\/users\/1"}],"replies":[{"embeddable":true,"href":"https:\/\/kokoroigo.site\/index.php?rest_route=%2Fwp%2Fv2%2Fcomments&post=252"}],"version-history":[{"count":5,"href":"https:\/\/kokoroigo.site\/index.php?rest_route=\/wp\/v2\/pages\/252\/revisions"}],"predecessor-version":[{"id":520,"href":"https:\/\/kokoroigo.site\/index.php?rest_route=\/wp\/v2\/pages\/252\/revisions\/520"}],"wp:attachment":[{"href":"https:\/\/kokoroigo.site\/index.php?rest_route=%2Fwp%2Fv2%2Fmedia&parent=252"}],"curies":[{"name":"wp","href":"https:\/\/api.w.org\/{rel}","templated":true}]}}