{"id":270,"date":"2020-04-24T03:20:56","date_gmt":"2020-04-23T18:20:56","guid":{"rendered":"http:\/\/kokoroigo.site\/wp\/?page_id=131"},"modified":"2020-06-09T06:58:59","modified_gmt":"2020-06-08T21:58:59","slug":"e9-98-b2-e7-81-bd","status":"publish","type":"page","link":"https:\/\/kokoroigo.site\/?page_id=270&lang=vi","title":{"rendered":"Ph\u00f2ng ch\u1ed1ng thi\u00ean tai"},"content":{"rendered":"\n<h2 class=\"wp-block-heading\">Tr\u1eadn \u0111\u1ecba ch\u1ea5n ngay d\u01b0\u1edbi l\u00f2ng \u0111\u1ea5t th\u1ee7 \u0111\u00f4<\/h2>\n\n\n\n<h3 class=\"has-text-align-center wp-block-heading\">&#8211; M\u1ed7i c\u00e1 nh\u00e2n h\u00e3y c\u00f9ng g\u1ea5p r\u00fat chu\u1ea9n b\u1ecb &#8211;<\/h3>\n\n\n\n<div class=\"wp-block-columns is-layout-flex wp-container-core-columns-is-layout-9d6595d7 wp-block-columns-is-layout-flex\">\n<div class=\"wp-block-column is-layout-flow wp-block-column-is-layout-flow\" style=\"flex-basis:40%\">\n<figure class=\"wp-block-image size-large\"><img decoding=\"async\" src=\"https:\/\/kokoroigo.site\/wp\/wp-content\/uploads\/2020\/06\/nakabayashi.jpg\" alt=\"\"\/><\/figure>\n<\/div>\n\n\n\n<div class=\"wp-block-column is-layout-flow wp-block-column-is-layout-flow\" style=\"flex-basis:66.66%\">\n<h3 class=\"wp-block-heading\">\u4e2d\u6797\u4e00\u6a39<br>\uff08Itsuki NAKABAYASHI\uff09<\/h3>\n\n\n\n<p>\u6771\u4eac\u90fd\u7acb\u5927\u5b66\u540d\u8a89\u6559\u6388\u3001\u9996\u90fd\u9632\u707d\u30a6\u30a3\u30fc\u30af\u5b9f\u884c\u59d4\u54e1\u4f1a\u4ee3\u8868<br>Gi\u1ea3ng vi\u00ean th\u1ec9nh gi\u1ea3ng \u0110\u1ea1i h\u1ecdc Tokyo Metropolitan, \u0110\u1ea1i di\u1ec7n Ban ch\u1ea5p h\u00e0nh Tu\u1ea7n ph\u00f2ng ch\u1ed1ng thi\u00ean tai<\/p>\n<\/div>\n<\/div>\n\n\n\n<p>\u3000Tr\u1eadn \u0111\u1ed9ng \u0111\u1ea5t Kanto khi\u1ebfn s\u1ed1 ng\u01b0\u1eddi t\u1eed vong l\u1edbn nh\u1ea5t l\u1ecbch s\u1eed Nh\u1eadt B\u1ea3n (l\u00ean t\u1edbi 105.000 ng\u01b0\u1eddi) s\u1ebd k\u1ef7 ni\u1ec7m 100 n\u0103m v\u00e0o ng\u00e0y 1 th\u00e1ng 9 n\u0103m 2023. Trong 97 n\u0103m qua, kh\u00f4ng c\u00f3 th\u1ea3m h\u1ecda \u0111\u1ecba ch\u1ea5n l\u1edbn x\u1ea3y ra t\u1ea1i khu v\u1ef1c th\u00e0nh ph\u1ed1 Tokyo, n\u01a1i c\u00f3 36 tri\u1ec7u d\u00e2n \u0111ang sinh s\u1ed1ng. Tuy nhi\u00ean, kho\u1ea3ng 150 n\u0103m tr\u01b0\u1edbc khi x\u1ea3y ra tr\u1eadn \u0111\u1ed9ng \u0111\u1ea5t Kanto n\u0103m 1923, \u0111\u00e3 x\u1ea3y ra t\u1eadn t\u00e1m tr\u1eadn \u0111\u1ed9ng \u0111\u1ea5t n\u1ed9i \u0111\u1ecba. V\u00e0o th\u1eddi \u0111i\u1ec3m \u0111\u00f3, t\u1ea5t c\u1ea3 c\u00e1c khu v\u1ef1c ngo\u1ea1i tr\u1eeb qu\u1eadn Tokyo \u0111\u1ec1u \u1edf n\u00f4ng th\u00f4n v\u00e0 kh\u00f4ng c\u00f3 thi\u1ec7t h\u1ea1i l\u1edbn.<\/p>\n\n\n\n<p>Tr\u1eadn \u0111\u1ed9ng \u0111\u1ea5t Kanto ti\u1ebfp theo \u0111\u01b0\u1ee3c cho l\u00e0 s\u1ebd x\u1ea3y ra sau 200 \u0111\u1ebfn 400 n\u0103m n\u1eefa, v\u00e0 tr\u01b0\u1edbc th\u1eddi \u0111i\u1ec3m \u0111\u00f3 kho\u1ea3ng 150 n\u0103m, m\u1ed9t tr\u1eadn \u0111\u1ed9ng \u0111\u1ea5t c\u00f3 magnitude 7 s\u1ebd x\u1ea3y ra \u1edf \u0111\u00e2u \u0111\u00f3 trong khu v\u1ef1c Tokyo. N\u1ebfu &#8220;tr\u1eadn \u0111\u1ecba ch\u1ea5n ngay d\u01b0\u1edbi l\u00f2ng \u0111\u1ea5t th\u1ee7 \u0111\u00f4&#8221; \u0111\u00f3 x\u1ea3y ra \u1edf Tokyo, n\u01a1i d\u00e2n c\u01b0, t\u00f2a nh\u00e0 v\u00e0 c\u00e1c ho\u1ea1t \u0111\u1ed9ng c\u00f3 m\u1eadt \u0111\u1ed9 t\u1eadp trung \u0111\u00f4ng \u0111\u00fac th\u00ec thi\u1ec7t h\u1ea1i s\u1ebd r\u1ea5t l\u1edbn. Tr\u1eadn \u0111\u1ecba ch\u1ea5n \u0111\u1ea7u ti\u00ean ngay d\u01b0\u1edbi l\u00f2ng \u0111\u1ea5t \u0111\u00f3 \u0111\u01b0\u1ee3c d\u1ef1 b\u00e1o s\u1ebd x\u1ea3y ra trong v\u00f2ng 30 n\u0103m t\u1edbi v\u00e0 c\u00f3 x\u00e1c su\u1ea5t x\u1ea3y ra tr\u00ean 70%. Nh\u1eadt B\u1ea3n \u01b0\u1edbc t\u00ednh thi\u1ec7t h\u1ea1i do tr\u1eadn \u0111\u1ecba ch\u1ea5n n\u00e0y g\u00e2y ra g\u1ea5p 6 l\u1ea7n tr\u1eadn \u0111\u1ed9ng \u0111\u1ea5t l\u1edbn Hanshin-Awaji v\u00e0 g\u1ea5p 5 l\u1ea7n tr\u1eadn \u0111\u1ed9ng \u0111\u1ea5t l\u1edbn \u1edf ph\u00eda \u0111\u00f4ng Nh\u1eadt B\u1ea3n, 23.000 ng\u01b0\u1eddi t\u1eed vong, 200.000 t\u00f2a nh\u00e0 b\u1ecb s\u1ee5p \u0111\u1ed5, 410.000 t\u00f2a nh\u00e0 b\u1ecb thi\u00eau r\u1ee5i do m\u1ed9t tr\u1eadn h\u1ecfa ho\u1ea1n l\u1edbn.<\/p>\n\n\n\n<p>NHK &#8220;Parallel Tokyo&#8221;, d\u1ef1 \u00e1n t\u00f4i \u0111\u00e3 tham gia, l\u00e0 m\u1ed9t b\u1ed9 phim v\u1ec1 \u0111\u1ed9ng \u0111\u1ea5t \u0111\u01b0\u1ee3c x\u00e2y d\u1ef1ng theo h\u00ecnh \u1ea3nh c\u1ee7a m\u1ed9t tr\u1eadn \u0111\u1ecba ch\u1ea5n ngay d\u01b0\u1edbi l\u00f2ng \u0111\u1ea5t ph\u00eda nam c\u1ee7a Tokyo. Trong qu\u00e1 tr\u00ecnh s\u1ea3n xu\u1ea5t, t\u00f4i \u0111\u00e3 th\u00eam m\u1ed9t b\u00e0i ph\u00e1t bi\u1ec3u v\u00e0o cu\u1ed1i b\u1ed9 phim \u0111\u1ec3 n\u00f3i v\u1ec1 m\u1ed1i \u0111e d\u1ecda v\u00e0 c\u1ea3 c\u00e1ch chu\u1ea9n b\u1ecb cho tr\u1eadn \u0111\u1ecba ch\u1ea5n l\u1edbn \u0111\u00f3. Tuy nhi\u00ean, ngay tr\u01b0\u1edbc khi ph\u00e1t s\u00f3ng, t\u00f4i \u0111\u00e3 quy\u1ebft \u0111\u1ecbnh \u0111\u1ec3 l\u1ea1i th\u00f4ng \u0111i\u1ec7p &#8220;Thi\u1ec7t h\u1ea1i s\u1ebd kh\u00f4ng gi\u1ea3m tr\u1eeb khi kh\u00e1n gi\u1ea3 c\u1ed1 g\u1eafng gi\u1ea3i quy\u1ebft n\u00f3 nh\u01b0 l\u00e0 vi\u1ec7c c\u1ee7a ch\u00ednh b\u1ea3n th\u00e2n m\u00ecnh!&#8221;, ch\u1ee9 kh\u00f4ng ph\u1ea3i l\u00e0 c\u00e2u n\u00f3i k\u1ebft th\u00fac b\u1eb1ng l\u1eddi \u0111e d\u1ecda v\u1ec1 th\u1ea3m h\u1ecda \u0111\u00f3.<\/p>\n\n\n\n<p>\u3000Ngay l\u00fac n\u00e0y, ch\u00fang ta \u0111ang s\u1ed1ng gi\u1eefa \u0111\u1ea1i d\u1ecbch c\u1ee7a m\u1ed9t c\u0103n b\u1ec7nh truy\u1ec1n nhi\u1ec5m m\u1edbi x\u1ea3y ra sau 100 n\u0103m k\u1ec3 t\u1eeb sau \u0111\u1ea1i d\u1ecbch c\u00fam T\u00e2y Ban Nha. B\u00e2y gi\u1edd, cho d\u00f9 c\u00f3 x\u1ea3y ra \u0111\u1ed9ng \u0111\u1ea5t \u0111i ch\u0103ng n\u1eefa th\u00ec m\u1ecdi ng\u01b0\u1eddi c\u0169ng kh\u00f4ng th\u1ec3 s\u01a1 t\u00e1n \u1edf tr\u1ea1i t\u1ecb n\u1ea1n. Corona c\u00f3 th\u1ec3 l\u00e2y lan cho t\u1ea5t c\u1ea3 m\u1ecdi ng\u01b0\u1eddi \u1edf tr\u1ea1i t\u1ecb n\u1ea1n. Nh\u1eefng ng\u01b0\u1eddi \u0111ang s\u1ed1ng \u1edf khu v\u1ef1c th\u1ee7 \u0111\u00f4 Tokyo, nh\u1eefng ng\u01b0\u1eddi \u0111ang l\u00e0m vi\u1ec7c, nh\u1eefng ng\u01b0\u1eddi \u0111ang \u0111i h\u1ecdc, t\u1ea5t c\u1ea3 \u0111\u1ec1u c\u00f3 th\u1ec3 l\u00e0 n\u1ea1n nh\u00e2n v\u00e0o ng\u00e0y mai!<\/p>\n\n\n\n<p>\u3000Tr\u1eadn \u0111\u1ed9ng \u0111\u1ea5t Kanto khi\u1ebfn s\u1ed1 ng\u01b0\u1eddi t\u1eed vong l\u1edbn nh\u1ea5t l\u1ecbch s\u1eed Nh\u1eadt B\u1ea3n (l\u00ean t\u1edbi 105.000 ng\u01b0\u1eddi) s\u1ebd k\u1ef7 ni\u1ec7m 100 n\u0103m v\u00e0o ng\u00e0y 1 th\u00e1ng 9 n\u0103m 2023. Trong 97 n\u0103m qua, kh\u00f4ng c\u00f3 th\u1ea3m h\u1ecda \u0111\u1ecba ch\u1ea5n l\u1edbn x\u1ea3y ra t\u1ea1i khu v\u1ef1c th\u00e0nh ph\u1ed1 Tokyo, n\u01a1i c\u00f3 36 tri\u1ec7u d\u00e2n \u0111ang sinh s\u1ed1ng. Tuy nhi\u00ean, kho\u1ea3ng 150 n\u0103m tr\u01b0\u1edbc khi x\u1ea3y ra tr\u1eadn \u0111\u1ed9ng \u0111\u1ea5t Kanto n\u0103m 1923, \u0111\u00e3 x\u1ea3y ra t\u1eadn t\u00e1m tr\u1eadn \u0111\u1ed9ng \u0111\u1ea5t n\u1ed9i \u0111\u1ecba. V\u00e0o th\u1eddi \u0111i\u1ec3m \u0111\u00f3, t\u1ea5t c\u1ea3 c\u00e1c khu v\u1ef1c ngo\u1ea1i tr\u1eeb qu\u1eadn Tokyo \u0111\u1ec1u \u1edf n\u00f4ng th\u00f4n v\u00e0 kh\u00f4ng c\u00f3 thi\u1ec7t h\u1ea1i l\u1edbn.<\/p>\n\n\n\n<p>Tr\u1eadn \u0111\u1ed9ng \u0111\u1ea5t Kanto ti\u1ebfp theo \u0111\u01b0\u1ee3c cho l\u00e0 s\u1ebd x\u1ea3y ra sau 200 \u0111\u1ebfn 400 n\u0103m n\u1eefa, v\u00e0 tr\u01b0\u1edbc th\u1eddi \u0111i\u1ec3m \u0111\u00f3 kho\u1ea3ng 150 n\u0103m, m\u1ed9t tr\u1eadn \u0111\u1ed9ng \u0111\u1ea5t c\u00f3 magnitude 7 s\u1ebd x\u1ea3y ra \u1edf \u0111\u00e2u \u0111\u00f3 trong khu v\u1ef1c Tokyo. N\u1ebfu &#8220;tr\u1eadn \u0111\u1ecba ch\u1ea5n ngay d\u01b0\u1edbi l\u00f2ng \u0111\u1ea5t th\u1ee7 \u0111\u00f4&#8221; \u0111\u00f3 x\u1ea3y ra \u1edf Tokyo, n\u01a1i d\u00e2n c\u01b0, t\u00f2a nh\u00e0 v\u00e0 c\u00e1c ho\u1ea1t \u0111\u1ed9ng c\u00f3 m\u1eadt \u0111\u1ed9 t\u1eadp trung \u0111\u00f4ng \u0111\u00fac th\u00ec thi\u1ec7t h\u1ea1i s\u1ebd r\u1ea5t l\u1edbn. Tr\u1eadn \u0111\u1ecba ch\u1ea5n \u0111\u1ea7u ti\u00ean ngay d\u01b0\u1edbi l\u00f2ng \u0111\u1ea5t \u0111\u00f3 \u0111\u01b0\u1ee3c d\u1ef1 b\u00e1o s\u1ebd x\u1ea3y ra trong v\u00f2ng 30 n\u0103m t\u1edbi v\u00e0 c\u00f3 x\u00e1c su\u1ea5t x\u1ea3y ra tr\u00ean 70%. Nh\u1eadt B\u1ea3n \u01b0\u1edbc t\u00ednh thi\u1ec7t h\u1ea1i do tr\u1eadn \u0111\u1ecba ch\u1ea5n n\u00e0y g\u00e2y ra g\u1ea5p 6 l\u1ea7n tr\u1eadn \u0111\u1ed9ng \u0111\u1ea5t l\u1edbn Hanshin-Awaji v\u00e0 g\u1ea5p 5 l\u1ea7n tr\u1eadn \u0111\u1ed9ng \u0111\u1ea5t l\u1edbn \u1edf ph\u00eda \u0111\u00f4ng Nh\u1eadt B\u1ea3n, 23.000 ng\u01b0\u1eddi t\u1eed vong, 200.000 t\u00f2a nh\u00e0 b\u1ecb s\u1ee5p \u0111\u1ed5, 410.000 t\u00f2a nh\u00e0 b\u1ecb thi\u00eau r\u1ee5i do m\u1ed9t tr\u1eadn h\u1ecfa ho\u1ea1n l\u1edbn.<\/p>\n\n\n\n<p>NHK &#8220;Parallel Tokyo&#8221;, d\u1ef1 \u00e1n t\u00f4i \u0111\u00e3 tham gia, l\u00e0 m\u1ed9t b\u1ed9 phim v\u1ec1 \u0111\u1ed9ng \u0111\u1ea5t \u0111\u01b0\u1ee3c x\u00e2y d\u1ef1ng theo h\u00ecnh \u1ea3nh c\u1ee7a m\u1ed9t tr\u1eadn \u0111\u1ecba ch\u1ea5n ngay d\u01b0\u1edbi l\u00f2ng \u0111\u1ea5t ph\u00eda nam c\u1ee7a Tokyo. Trong qu\u00e1 tr\u00ecnh s\u1ea3n xu\u1ea5t, t\u00f4i \u0111\u00e3 th\u00eam m\u1ed9t b\u00e0i ph\u00e1t bi\u1ec3u v\u00e0o cu\u1ed1i b\u1ed9 phim \u0111\u1ec3 n\u00f3i v\u1ec1 m\u1ed1i \u0111e d\u1ecda v\u00e0 c\u1ea3 c\u00e1ch chu\u1ea9n b\u1ecb cho tr\u1eadn \u0111\u1ecba ch\u1ea5n l\u1edbn \u0111\u00f3. Tuy nhi\u00ean, ngay tr\u01b0\u1edbc khi ph\u00e1t s\u00f3ng, t\u00f4i \u0111\u00e3 quy\u1ebft \u0111\u1ecbnh \u0111\u1ec3 l\u1ea1i th\u00f4ng \u0111i\u1ec7p &#8220;Thi\u1ec7t h\u1ea1i s\u1ebd kh\u00f4ng gi\u1ea3m tr\u1eeb khi kh\u00e1n gi\u1ea3 c\u1ed1 g\u1eafng gi\u1ea3i quy\u1ebft n\u00f3 nh\u01b0 l\u00e0 vi\u1ec7c c\u1ee7a ch\u00ednh b\u1ea3n th\u00e2n m\u00ecnh!&#8221;, ch\u1ee9 kh\u00f4ng ph\u1ea3i l\u00e0 c\u00e2u n\u00f3i k\u1ebft th\u00fac b\u1eb1ng l\u1eddi \u0111e d\u1ecda v\u1ec1 th\u1ea3m h\u1ecda \u0111\u00f3.<\/p>\n\n\n\n<p>\u3000Ngay l\u00fac n\u00e0y, ch\u00fang ta \u0111ang s\u1ed1ng gi\u1eefa \u0111\u1ea1i d\u1ecbch c\u1ee7a m\u1ed9t c\u0103n b\u1ec7nh truy\u1ec1n nhi\u1ec5m m\u1edbi x\u1ea3y ra sau 100 n\u0103m k\u1ec3 t\u1eeb sau \u0111\u1ea1i d\u1ecbch c\u00fam T\u00e2y Ban Nha. B\u00e2y gi\u1edd, cho d\u00f9 c\u00f3 x\u1ea3y ra \u0111\u1ed9ng \u0111\u1ea5t \u0111i ch\u0103ng n\u1eefa th\u00ec m\u1ecdi ng\u01b0\u1eddi c\u0169ng kh\u00f4ng th\u1ec3 s\u01a1 t\u00e1n \u1edf tr\u1ea1i t\u1ecb n\u1ea1n. Corona c\u00f3 th\u1ec3 l\u00e2y lan cho t\u1ea5t c\u1ea3 m\u1ecdi ng\u01b0\u1eddi \u1edf tr\u1ea1i t\u1ecb n\u1ea1n. Nh\u1eefng ng\u01b0\u1eddi \u0111ang s\u1ed1ng \u1edf khu v\u1ef1c th\u1ee7 \u0111\u00f4 Tokyo, nh\u1eefng ng\u01b0\u1eddi \u0111ang l\u00e0m vi\u1ec7c, nh\u1eefng ng\u01b0\u1eddi \u0111ang \u0111i h\u1ecdc, t\u1ea5t c\u1ea3 \u0111\u1ec1u c\u00f3 th\u1ec3 l\u00e0 n\u1ea1n nh\u00e2n v\u00e0o ng\u00e0y mai!<\/p>\n\n\n\n<p>Tuy nhi\u00ean, m\u1ed7i ng\u01b0\u1eddi c\u00f3 th\u1ec3 gi\u1ea3m b\u1edbt thi\u1ec7t h\u1ea1i b\u1eb1ng c\u00e1ch t\u1ef1 c\u1ee9u l\u1ea5y ch\u00ednh b\u1ea3n th\u00e2n m\u00ecnh. N\u0103ng l\u1ef1c t\u1ef1 l\u1ef1c d\u01b0 th\u1eeba s\u1ebd k\u1ebft n\u1ed1i \u0111\u1ebfn vi\u1ec7c gi\u00fap \u0111\u1ee1 l\u1eabn nhau v\u00e0 c\u1ee9u m\u1ea1ng s\u1ed1ng c\u1ee7a m\u1ecdi ng\u01b0\u1eddi. \u0110\u00f3 l\u00e0 t\u01b0 t\u01b0\u1edfng c\u1ee7a ti\u00eau \u0111\u1ec1 ph\u1ee5 &#8220;M\u1ed7i c\u00e1 nh\u00e2n h\u00e3y c\u00f9ng g\u1ea5p r\u00fat chu\u1ea9n b\u1ecb&#8221;. Qua \u0111\u00f3, t\u00f4i mu\u1ed1n th\u1ea3o lu\u1eadn v\u1edbi m\u1ecdi ng\u01b0\u1eddi v\u00e0 c\u00f9ng nhau t\u1eebng b\u01b0\u1edbc chu\u1ea9n b\u1ecb cho cu\u1ed9c chi\u1ebfn n\u00e0y.<\/p>\n","protected":false},"excerpt":{"rendered":"Tr\u1eadn \u0111\u1ecba ch\u1ea5n ngay d\u01b0\u1edbi l\u00f2ng \u0111\u1ea5t th\u1ee7 \u0111\u00f4 &#8211; M\u1ed7i c\u00e1 nh\u00e2n h\u00e3y c\u00f9ng g\u1ea5p r\u00fat chu\u1ea9n b\u1ecb &#8211; \u4e2d\u6797\u4e00\u6a39\uff08I...","protected":false},"author":1,"featured_media":0,"parent":0,"menu_order":0,"comment_status":"closed","ping_status":"closed","template":"","meta":{"footnotes":""},"class_list":["post-270","page","type-page","status-publish","hentry"],"_links":{"self":[{"href":"https:\/\/kokoroigo.site\/index.php?rest_route=\/wp\/v2\/pages\/270","targetHints":{"allow":["GET"]}}],"collection":[{"href":"https:\/\/kokoroigo.site\/index.php?rest_route=\/wp\/v2\/pages"}],"about":[{"href":"https:\/\/kokoroigo.site\/index.php?rest_route=\/wp\/v2\/types\/page"}],"author":[{"embeddable":true,"href":"https:\/\/kokoroigo.site\/index.php?rest_route=\/wp\/v2\/users\/1"}],"replies":[{"embeddable":true,"href":"https:\/\/kokoroigo.site\/index.php?rest_route=%2Fwp%2Fv2%2Fcomments&post=270"}],"version-history":[{"count":5,"href":"https:\/\/kokoroigo.site\/index.php?rest_route=\/wp\/v2\/pages\/270\/revisions"}],"predecessor-version":[{"id":456,"href":"https:\/\/kokoroigo.site\/index.php?rest_route=\/wp\/v2\/pages\/270\/revisions\/456"}],"wp:attachment":[{"href":"https:\/\/kokoroigo.site\/index.php?rest_route=%2Fwp%2Fv2%2Fmedia&parent=270"}],"curies":[{"name":"wp","href":"https:\/\/api.w.org\/{rel}","templated":true}]}}